be m(-6). What is the greatest common factor of 75 and s?
15
Let x(t) = -15*t - 327. Let l be x(-25). What is the greatest common divisor of l and 192?
48
Let c(y) = y**3 + 65*y**2 + 53*y - 329. Let p be c(-64). What is the highest common factor of p and 45?
15
Let z(q) = -3*q**2 - 11*q - 16. Let y(m) = -5*m**2 - 22*m - 31. Let i(x) = -4*y(x) + 7*z(x). Let c be i(6). Calculate the greatest common divisor of 18 and c.
6
Suppose 0 = 33*q - 28*q - 1170. What is the highest common divisor of q and 18?
18
Let b be (-6)/24 + (-17860)/(-16). What is the greatest common divisor of 62 and b?
62
Suppose 4*m + 3*s - 130 = 0, -14*m + 5*s = -13*m - 21. Calculate the highest common divisor of m and 279.
31
Let b(t) = t**3 - 12*t**2 + 3*t + 6. Let k be b(12). What is the greatest common factor of k and 12?
6
Let a be ((-225)/(-150))/((-2)/(-16)). What is the greatest common divisor of a and 102?
6
Let u = 12 + -2. Let h be 46/5*u/4. What is the greatest common divisor of h and 115?
23
Let x(k) = -k**3 + 7*k**2 - 7*k - 2. Let r be x(5). Let q be ((-198)/6 + -6)*(-10)/15. Calculate the greatest common divisor of q and r.
13
Suppose -c + 283 = 4*s - 6*s, 0 = c - 3*s - 282. What is the highest common divisor of c and 114?
57
Suppose 0 = v + 5 - 2, 4*v = -3*n + 3. Suppose -2*b = 3*j - 345, b - 5*b - n*j + 687 = 0. Let p = 7 - -17. What is the highest common divisor of b and p?
24
Suppose -2*g + 36 = -g. Let o(n) = n**3 - 15*n**2 + 13*n + 23. Let p be o(14). What is the highest common divisor of p and g?
9
Suppose 8058 = 18*g - 12336. Calculate the highest common factor of 103 and g.
103
Let c = 32 - 4. Let y be 4 + c*(3 - 1). What is the highest common factor of y and 30?
30
Let f(a) = a**3 - 14*a**2 + 12*a + 37. Let x be f(13). Calculate the highest common divisor of x and 768.
24
Let h(y) = y**2 - 7*y - 31. Let i be h(10). Let t be (70/5)/(i/(-2)). Calculate the greatest common divisor of t and 4.
4
Let x = -35 - -60. Let f(t) = -t**2 + 11*t - 12. Let b be f(11). Let c = b + x. Calculate the highest common factor of c and 104.
13
Suppose -2*l = -o + 6*o - 527, 5*o - 528 = -3*l. Suppose 3*n = 15 + o. What is the greatest common factor of n and 16?
8
Suppose 0 = 4*v - 5*h - 42, v - 3*v - 4*h + 8 = 0. Suppose v*q - 824 = 616. Calculate the greatest common factor of q and 20.
20
Suppose -1980 = -7*g - 622. Suppose 174 - g = -2*l. Calculate the highest common factor of l and 200.
10
Let h(x) = -x**3 - 32*x**2 - 120*x - 26. Let v be h(-28). What is the highest common factor of 1683 and v?
99
Let q(h) = -2*h**3 - 143*h**2 - 71*h + 39. Let p be q(-71). What is the highest common factor of 312 and p?
39
Let z be (-5 - 1)*(-3 + 2). Suppose -5*b = 5*o - 25, -4*o + z + 2 = b. Let p(m) = m - 5. Let n be p(10). Calculate the greatest common divisor of n and o.
1
Suppose -v = 1 - 3. Suppose v*f = 8 + 2, -5*f = -2*r + 85. Let s = 82 - r. What is the highest common divisor of s and 3?
3
Let a = -875 - -2751. Let x be 4/30 + a/105. What is the highest common divisor of 72 and x?
18
Suppose 15 = m - 3*p, 55 = 5*m + 13*p - 18*p. Let w(c) = 27*c**3 + c**2 - c. Let u be w(1). Calculate the highest common divisor of u and m.
9
Let l = -519 - -533. Calculate the greatest common divisor of 77 and l.
7
Let u(b) = -b + 66. Let d be u(0). Let k be 0 - -3 - (5 + -1 - 1). Let p be 1*(8 + k)*(-3)/(-4). What is the greatest common factor of d and p?
6
Suppose -54 - 504 = -9*d + 90. Let h be 50/6 + 4/6. What is the greatest common factor of d and h?
9
Suppose t - 703 = 3*w, -5*t + 0*t + 3559 = -4*w. Suppose -13*k + 0*k = -t. What is the greatest common divisor of 22 and k?
11
Suppose 10 = -5*s, 2*p + 2*p + s = -1402. Let t = -245 - p. Let h be t*(6/(-9))/(-1). What is the highest common factor of h and 28?
14
Let q = -18 - -18. Suppose q = 2*x - 91 - 157. What is the greatest common factor of x and 31?
31
Suppose 0 = -2*t - 5*j + 15, t + 0*j - 9 = -4*j. Suppose -m - 5*n - 33 = -9, 3*m = t*n + 28. Let d = m - -35. What is the greatest common divisor of d and 18?
18
Let s(c) = 2*c**3 + c**2 - 2*c - 6. Let v be s(3). Let l be (v/12)/((-2 + -1)/(-12)). Calculate the highest common factor of 153 and l.
17
Let u be (48/10)/1*30. Suppose -3*o + o + u = 0. Suppose -o = -3*s + 27. Calculate the greatest common divisor of 11 and s.
11
Let i = 2571 - 1395. Calculate the greatest common factor of i and 6.
6
Let t(l) = -l**2 - 7*l + 113. Let i be t(-13). What is the highest common divisor of 56 and i?
7
Suppose 0 = 31*l - 39 - 147. Calculate the greatest common divisor of l and 246.
6
Suppose 5*v - 132 - 68 = 0. Let b(o) = o**3 + 9*o**2 - 17*o + 29. Let d be b(-12). Let i = 204 + d. What is the greatest common factor of v and i?
5
Suppose -21*m + 14*m = -658. Suppose -2*c + m = -170. What is the highest common factor of 12 and c?
12
Suppose 3*b = 10*b - 98. Let o be 32/(2/2) - 4. Calculate the highest common divisor of o and b.
14
Let p = 27 - 15. Let k be 267/p - 1/4. Suppose 5*u + 26*w = 27*w + 215, 156 = 4*u - 4*w. Calculate the highest common factor of u and k.
22
Let q be 114/(3/1)*-2. Let m be 9/(26 + 1)*(-1 - q). Let r = 5 - 0. What is the greatest common factor of r and m?
5
Let z(f) = -24*f - 4. Let a be z(6). Let n = 253 + a. Calculate the greatest common factor of n and 42.
21
Let y(g) = -g**2 + g + 1. Let n be y(0). Let c(t) = 139*t**2 + 2*t - 1. Let b be c(n). Calculate the highest common factor of b and 20.
20
Let j = -335 + 467. Let u = -2 + 5. Suppose -u*f + 384 = 3*g - 6*g, f - j = 3*g. What is the greatest common divisor of 14 and f?
14
Let x(c) = c**3 + 4*c**2 - 13*c + 2. Let a be x(-6). What is the greatest common factor of a and 58?
2
Suppose 2*x + 3*b - 228 = 0, -352 = -3*x - b - b. Let v be 208 - 56/(-35)*-5. Let q = v - x. What is the highest common factor of q and 10?
10
Let p = 1 + 18. Calculate the highest common factor of 152 and p.
19
Let x(l) = l**2 - 5*l - 11. Let k be x(7). Suppose g + 4*g = k*v + 374, g - 638 = 5*v. Let z = -79 - v. Calculate the highest common factor of z and 7.
7
Suppose -28*n = -34*n + 42. Let k be 26/6 - 2/6. Suppose 2*u = q - 69, -4*q + 0*u = -k*u - 292. What is the greatest common factor of q and n?
7
Let p(t) = -8*t - 94. Let s be p(-17). What is the highest common divisor of 21 and s?
21
Let l(s) = 175*s**2 - 5*s + 12. Let x be l(2). Calculate the greatest common divisor of x and 78.
78
Suppose -b = 4*b - 625. Suppose 28*d - 33*d = -b. Calculate the greatest common divisor of d and 10.
5
Let g = 19 - 8. Suppose 69 + 569 = 29*x. What is the highest common factor of x and g?
11
Let f(z) = -z**2 + 8*z + 3. Let w be f(9). Let t be 4/(w/(-21)*1). Calculate the highest common divisor of 28 and t.
14
Let w = -1252 - -1277. What is the greatest common factor of 1 and w?
1
Let u be 2745/8 - 2 - (-72)/(-576). What is the highest common factor of u and 44?
11
Suppose 2*r - 4*j = -14, r - 3*j = -0*j - 12. Let x be -1*(-2 + r) - -3. What is the highest common factor of 8 and x?
2
Let n = -124 - -159. What is the greatest common factor of n and 5?
5
Let l(r) = 4*r**2 + 11*r - 9. Let w(c) = -c**2. Let b(g) = l(g) + 5*w(g). Let m be b(6). Suppose 34 - 6 = 2*q. Calculate the greatest common factor of m and q.
7
Let z be ((-1)/(-2))/(3/42). Suppose 21 = z*o - 84. Calculate the greatest common factor of o and 3.
3
Suppose -3*r + 6*r + 3*y = -1026, -2*r = 5*y + 684. Let c = 18 - r. What is the highest common divisor of 40 and c?
40
Suppose -2*k - 5 = 1. Let h be k - (-5 + 3 + -19). What is the greatest common factor of h and 18?
18
Let c = 181 - 152. What is the greatest common factor of 29 and c?
29
Suppose -7*z + 1922 = 529. Suppose 6*t - z = 11. What is the highest common factor of t and 21?
7
Let u be 188/36 - 16/72. Suppose 2*j = 7*j - 3*h - 79, 5*j = -u*h + 55. What is the greatest common divisor of 8 and j?
2
Let i = -71 + 74. Suppose 3*p = -5*b + 26, -b - 3*p + i = 5. What is the greatest common factor of 28 and b?
7
Let o(j) = 370*j**2 - 30*j - 31. Let w be o(-1). Calculate the highest common divisor of 9 and w.
9
Let f(p) = -p**3 + 11*p**2 - 6*p + 176. Let r be f(11). Let m(v) = 2*v**2 + 6*v + 2. Let c be m(-4). Calculate the highest common factor of c and r.
10
Let d = 180 + -99. What is the highest common factor of d and 9?
9
Suppose f + 3*a - 26 = -f,